f - 47 = 235. What are the prime factors of f?
3, 47
Let g(j) = j**2 - 2*j + 3. Let m be g(3). List the prime factors of -5 + m - (-18 + -1).
2, 5
Let q(m) = 2*m**2 - 3*m - 2. Let v be q(-2). Suppose 0 = 3*y + v - 111. List the prime factors of y.
3, 11
Suppose -4 = -4*z + 20. Let x = 2 - z. What are the prime factors of 2/x*(0 - 4)?
2
Let f be 9/7 - 4/14. Let s = 0 + f. Suppose 5*r - 5*k - 45 = 0, r - 2*k + s - 8 = 0. What are the prime factors of r?
11
Let v(i) = 12*i - 2. List the prime factors of v(2).
2, 11
Let l(o) = 13*o + 18. List the prime factors of l(4).
2, 5, 7
Suppose 4*y + 36 = 3*m, 3*m = -3*y + 2*y - 9. List the prime factors of 6/(-27) + (-47)/y.
5
Suppose 8*c - 300 = 3*c. List the prime factors of c.
2, 3, 5
Suppose -2*z = -0*z - c - 628, -3*z + 942 = c. What are the prime factors of z?
2, 157
Let k = 76 - 108. Let s = -11 - k. List the prime factors of s.
3, 7
Let r(t) = -t**2 - 5*t + 9. Let i be r(-7). Let k(s) = s**3 + 6*s**2 + 2*s - 5. Let y be k(i). List the prime factors of 54/y - (-12)/(-30).
5
Let o(r) = -4 - 1 + 2 + 8*r + 4. Let z be o(1). Let c(d) = d**3 - 10*d**2 + 9*d + 11. List the prime factors of c(z).
11
Suppose -3*c = c - 216. What are the prime factors of c?
2, 3
Let v = -3 - -7. What are the prime factors of (-43)/(-2) + (-2)/v?
3, 7
Let p = 22 + -11. What are the prime factors of p - (-3 + -1)/4?
2, 3
Let o = -1 + 1. Suppose -5*x + 2*x + 12 = o. List the prime factors of ((-7)/x)/((-3)/12).
7
Let m = 154 + -102. List the prime factors of m.
2, 13
Let n(w) = 113*w - 25. What are the prime factors of n(3)?
2, 157
Suppose 5*p - n = -3*n - 10, -4*n = 4*p + 20. Suppose -5*u = -80 - p. List the prime factors of u.
2
Let c(l) be the first derivative of -l**2/2 - 7*l + 1. Let z be c(-7). Suppose z = -3*q + 23 - 8. List the prime factors of q.
5
Let q = 463 - 286. List the prime factors of q.
3, 59
Let o(y) = -2*y - 2. Suppose 5*x = 4*p - 13, 3*x + 0*x + 5*p + 30 = 0. What are the prime factors of o(x)?
2
Let w = 14 - 14. Suppose t = 5*p - 1, 0 = 4*t - w*p - 5*p - 26. List the prime factors of t.
3
Suppose -3*s + 2*s = -3*u, -3*s = -3*u. What are the prime factors of (0 - 0 - s) + 27?
3
Suppose 2*s - 11 = 5. Let y = s + 0. Let i = 20 - y. List the prime factors of i.
2, 3
Let i = 7 + -13. Let n(g) = -4*g - 7. List the prime factors of n(i).
17
Let v(b) be the third derivative of b**8/1344 - b**6/720 + b**5/30 + b**2. Let d(m) be the third derivative of v(m). List the prime factors of d(-1).
2, 7
Suppose 0 = -0*h + h + 2*r - 2, 4*h = 5*r + 47. List the prime factors of h.
2
Let y(m) be the second derivative of 2*m + 0 + 1/6*m**3 - 3/2*m**2. What are the prime factors of y(7)?
2
Suppose 5*t + 5*d = -5, 0*t = 3*t - d - 1. Suppose t*y - 5*g = y - 43, 3*g - 12 = 0. What are the prime factors of y?
23
Suppose -2 = -y - 0. Let d = y + 3. List the prime factors of d.
5
Suppose 0 = 4*s - 2*v + 5*v - 28, 4 = 2*s - v. Suppose -s*b = -0*b - 36. What are the prime factors of b?
3
Let m = -10 + 15. Suppose -44 = -o + 3*v, -468 + 192 = -m*o + v. List the prime factors of o.
2, 7
Suppose 3*s = s + 92. What are the prime factors of s?
2, 23
Suppose l - 17 = -5*r, -5*l + 0*l = r - 13. Suppose -2 = -r*f + 10. Suppose 5*u + b - 18 = f*b, -5*u - 2*b + 38 = 0. List the prime factors of u.
2, 3
Let t(k) = 4*k**3 - 10*k**2 - 2. Let x(c) = 3*c**3 - 9*c**2 - 1. Let z(l) = 2*t(l) - 3*x(l). Let o be z(7). What are the prime factors of (-1 - (2 - 0))*o?
3
Suppose 12 = -4*n, -3*q - 1 = -n - 100. List the prime factors of q.
2
Let n(h) = -h + 2. Let x(m) = -m + 2. Let s(u) = 6*n(u) - 7*x(u). List the prime factors of s(4).
2
What are the prime factors of 164/(20/9 - (-10)/(-45))?
2, 41
Let i(x) = x**3 + 2*x**2 - 3*x + 2. Let d be i(-3). Let u = d + 25. What are the prime factors of u?
3
Suppose 0 = 6*n - 4*n - 4*x - 276, 5*n - 5*x = 695. List the prime factors of n.
2, 5, 7
Let y be 2 - ((-6)/(-3) + 3). Let x(j) = -5*j - 4. What are the prime factors of x(y)?
11
Let g(s) be the third derivative of s**5/60 + s**4/6 + s**3/3 + 4*s**2. What are the prime factors of g(-4)?
2
Suppose 2*t - 7 = i - 0, -5*t + 4*i + 16 = 0. Let g(s) = -s**3 + s. Let n be g(0). Suppose a - t - 2 = n. List the prime factors of a.
2, 3
Suppose 3*g + 30 = 108. List the prime factors of g.
2, 13
Let q(s) = -s**3 - 5*s**2 - 3*s + 6. Let o be q(-4). Let y be 6/21 - (-222)/7. Suppose 4*i = o*c - y, -56 = -10*c + 5*c + 2*i. List the prime factors of c.
2, 5
Suppose 0 = -0*r + 3*r - 177. List the prime factors of r.
59
Let w = -1 - 0. Let f be ((-2)/2)/(w/4). Suppose 5*p = -f*a - a + 10, 5*a + 3*p = 14. What are the prime factors of a?
2
Let f = 3 + -1. Let s be -1*(-2 - (-6)/(-3)). Let w = s + f. List the prime factors of w.
2, 3
Let q(p) = -p**2 - 5*p + 2. Let i be q(-4). Suppose 0 = -3*g + i*g - 69. List the prime factors of g.
23
Suppose 0 = 4*n + 5*c + 11, 4*n = -0*n - c + 1. Suppose 4*x - 82 = -3*z, n = x - 3. Suppose 5*s + 4*g = 3*s + 14, -4*s = 5*g - z. List the prime factors of s.
3
Let j(v) = 6*v**2 + v + 4. Let w be j(4). Suppose -2*l = -4*l + w. Let a = l + -30. List the prime factors of a.
2, 11
Suppose -c - 5*x = -0*c - 38, 3*x + 6 = 0. What are the prime factors of c?
2, 3
List the prime factors of (5 - 171/(-15)) + (-2)/5.
2
Suppose 15 = 2*c - 5*v, -2*v - 45 = -3*c + v. What are the prime factors of c?
2, 5
Suppose -5*r - 3*t + 716 = 187, -533 = -5*r - t. List the prime factors of r.
107
Suppose -4 = -z + 37. List the prime factors of z.
41
Suppose -690 = -3*v - 2*v. Suppose 6*c - 9*c + v = 0. What are the prime factors of c?
2, 23
Let o = 45 + 33. What are the prime factors of o?
2, 3, 13
Suppose 190 = 5*a - 3*n, -3*n = -n + 10. Suppose a + 31 = 3*q. List the prime factors of q.
2, 11
What are the prime factors of 1 - 12/10 - 22230/(-150)?
2, 37
Let d(n) = 5*n - 7. List the prime factors of d(3).
2
Suppose 2*i = -30 + 288. What are the prime factors of i?
3, 43
Let v = 56 - 44. List the prime factors of v.
2, 3
Let a = -172 - -290. List the prime factors of a.
2, 59
Suppose 3*w + 2*w - 20 = 0. Suppose -2*j + 16 = w. Let h = 18 - j. List the prime factors of h.
2, 3
Let q(y) = 12*y - 28. List the prime factors of q(9).
2, 5
Let j(f) = f**2 - 8*f + 4. List the prime factors of j(13).
3, 23
Let r(g) = -g**2 - 7*g + 3. Let i be r(-7). Let z = 11 - i. Let h(f) = f**2 - 5*f - 10. What are the prime factors of h(z)?
2, 7
Suppose 0 = -2*q - 3*q + 115. List the prime factors of q.
23
Let q be 6 + (-1 - 0 - 1). Suppose f + 5 = q. What are the prime factors of -1*(f - -2) + 13?
2, 3
Let u = -181 - -265. List the prime factors of u.
2, 3, 7
Let x(j) = -123*j**3 - 2*j**2 - 2*j. What are the prime factors of x(-1)?
3, 41
Let b(z) = -3*z + 4. Let u be b(-5). Suppose 2*t + 4*r - u = 7*t, 15 = -5*t + 5*r. Let j = 0 - t. List the prime factors of j.
7
Let v(d) = -3*d + 8. Let h be v(-7). Suppose -3*m - 19 - 8 = -3*g, -m = -5*g + h. What are the prime factors of g?
5
What are the prime factors of 23/(-184) + 353/8?
2, 11
Let s(j) = j**3 + 7*j**2 + 7*j + 7. Let x be s(-6). Let i be -1*(0 - 1) + x. List the prime factors of (i/(-4))/((-2)/28).
7
Let k(t) = 9*t**3 - 3*t**2 + 6*t - 2. What are the prime factors of k(2)?
2, 5, 7
Suppose 0 = -3*t + 5*g + 65, -2*t + g = -5*t + 59. Suppose -b - 4*b + t = 0. What are the prime factors of b?
2
Suppose 5*u = 4*o + 286, u - 228 = -3*u + 4*o. List the prime factors of u.
2, 29
Let a = 18 + -1. Suppose v = -3*m - 19, -4*v = -3*m - v - 27. Let y = m + a. List the prime factors of y.
2, 5
Suppose -7*m + 3*m + 36 = 0. Let f(c) = c**3 - 9*c**2 + 2*c + 1. What are the prime factors of f(m)?
19
Let y(d) = d**3 - 8*d**2 + 10*d + 1. List the prime factors of y(7).
2, 11
Let m = -240 + 349. List the prime factors of m.
109
Let t(u) = -u**2 - 4*u - 7. Let q be t(-7). Let w = -26 - q. What are the prime factors of w?
2
What are the prime factors of 1224/20*4 - (-1)/5?
5, 7
Let q = -6 - -46. Suppose 5*p = 15 + q. Suppose 3*u - 65 = -5*k, 0*k - k = -u + p. What are the prime factors of u?
3, 5
Let p = -10 - -33. What are the prime factors of p?
23
Let o(k) = -k**3 + 6*k**2 + 10*k - 9. Let b be (21/6)/((-2)/(-4)). List the prime factors of o(b).
2, 3
Suppose 165 = 3*y - 66. Suppose -6*c = -n - 2*c + y, n - 3*c = 74. Suppose -3*b + n = 2*b. List the prime 